 Is f a prime number?
False
Is (1/2)/(2489655/311206 - 8) a prime number?
True
Suppose 34*w = -5901 + 19739. Is w prime?
False
Suppose -4*r = r + 2095. Suppose 834 = u - 0*u - 3*k, 3*u - k - 2502 = 0. Let x = u + r. Is x a composite number?
True
Let s be (-4)/7 + ((-80)/28)/(-5). Suppose -12*d + 137 + 1243 = s. Is d a composite number?
True
Is ((-64295)/(-10))/7*2 prime?
False
Suppose 250 = -32*p + 30*p. Let q be (-112)/10*p/(-10). Let a = q - -331. Is a prime?
True
Let x(v) = 2*v**3 - 4*v**2 - 74. Let n(t) = -5*t**3 + 9*t**2 + 147. Let a(r) = -3*n(r) - 7*x(r). Let k be a(0). Suppose 0 = -y - 0*y + k. Is y prime?
False
Suppose 5*s + 15 = 10, -2*u + 1090 = -4*s. Is u a prime number?
False
Let y(b) = -66*b**2 - 8*b - 6. Let x be y(-3). Let m = x + 1345. Is m a composite number?
False
Suppose 25 = -5*a, 4*u + 9*a = 4*a - 5. Suppose 1771 = u*r + 296. Is r a composite number?
True
Let d be 8/14 - (-18)/42. Let r(m) = 2*m**3 + 3*m**2 - 2*m**2 - d - 3*m**2 - 3*m - 3*m**2. Is r(6) a composite number?
False
Let i(u) = 872*u**2 + 5*u + 2. Let t be (8/(-2) - -2) + 1. Is i(t) prime?
False
Suppose -5*m - 32721 = -3*s, 0*m + 43628 = 4*s - 2*m. Is s a prime number?
False
Let t be 126/30 + 3/(-15). Suppose 914 = 6*y - t*y. Is y a composite number?
False
Suppose -1576 = -i + 2237. Let f = i + -1326. Suppose 5*w - f = 4*q, 4*w = -5*q - 0*q + 2006. Is w a composite number?
False
Suppose 0 = s + 5*q, 4*q = -7 - 1. Suppose -4*r + d = -8 - 14, 5*d = s. Suppose r*m = m + 445. Is m composite?
False
Let x(c) = 774*c - 17. Is x(2) a composite number?
False
Suppose -z + 2*z = 2. Suppose -3*g + 1537 = -z*g. Is g a composite number?
True
Let c = 1583 + -2588. Let v = 6044 + c. Is v prime?
True
Let f(o) = 3*o + 24. Let r be f(-6). Suppose 0*t - 3*t + r = 0. Suppose t*m - 775 - 1004 = 5*k, -4 = 4*k. Is m prime?
True
Let c = -8138 - -15255. Is c a prime number?
False
Suppose -23586 - 29193 = -4*p + 5*a, 13211 = p + 2*a. Is p prime?
False
Let a be (304/95)/((-2)/20). Is 1/2 + (-1680)/a composite?
False
Let t be 1/(-7) + 8916/84. Suppose 0 = -7*f - 337 + t. Let c = f - -307. Is c a composite number?
True
Is 10067/7 - (-270)/315 composite?
False
Let u(h) be the third derivative of -3*h**2 - 1/60*h**5 + 0*h - 13/6*h**3 + 3/4*h**4 + 0. Is u(12) a prime number?
True
Suppose 12*f - 1885 = 13943. Is f a composite number?
False
Let v be (-12)/(-90) - (-309)/45. Suppose 9*a - 2798 = v*a. Is a prime?
True
Let y = 1392 + -862. Let c = -182 + y. Suppose 0*k = -4*k + c. Is k a prime number?
False
Let o(t) = -t**2 - 2*t + 5. Let f be o(-5). Let r be (7/3 + -1)/((-8)/(-48)). Is 2982/10 - r/f prime?
False
Suppose 0 = v + c - 233, 4*c - 156 - 83 = -v. Suppose -3*u + 1121 = 5*a, -5*a = -4*a + 4*u - v. Is a composite?
False
Let z(n) = 24 - n + n**2 - 14*n - 8 + n. Let d be z(13). Suppose -382 = -4*a + 5*v, d*a - 83 = 2*a - 5*v. Is a prime?
False
Let v(w) = 1. Let g(t) = 7*t + 84. Let k(d) = -g(d) - 4*v(d). Is k(-21) prime?
True
Let s(t) = -7*t. Let c be s(1). Let z = -2 - c. Suppose 4*q = 2*d - 4*d + 602, z*d - 2*q - 1457 = 0. Is d a composite number?
False
Let a be 2728/(-3) + 2/6. Suppose -4*p - 114 = i - 5*p, -5*p - 20 = 0. Let s = i - a. Is s prime?
False
Suppose 123088 + 255776 = 16*w. Suppose -6*s + w = 3*s. Is s a composite number?
True
Let x(u) = 6*u + 39. Let g be x(-6). Suppose 3*s = -2*i + 21, g*i - 7 = -s - i. Is s prime?
True
Let t(p) = -p**3 + 7*p**2 + 8*p + 10. Let b be t(8). Let n be 2816/b - (-10)/25. Is (4/(-3))/((-4)/n) prime?
False
Suppose 578059 = 5*h + 2*y, -y - 1952 = 2*h - 233175. Is h composite?
False
Suppose 5*b + 8 = 113. Is ((-30)/21)/5 - (-44085)/b composite?
False
Suppose -2*j - 5*y = -4*y - 7190, j - 3*y = 3581. Is j a prime number?
True
Is (78/156)/((-2)/(-58484)) prime?
True
Let j be -2 + 2 + -2 + 5. Let z = j - 5. Is 397 + (2/z - 1) a prime number?
False
Suppose -3*n = 2*d - 27205, 2*n = 4*d - 43781 - 10653. Is d a prime number?
False
Let s(z) = 2*z**2 - 2*z - 5. Suppose -5*v + 4*r + 91 = 0, -3*v + 8*v - 5*r - 95 = 0. Suppose -3*j = -0*j + v. Is s(j) a prime number?
False
Let x = 588 + -167. Suppose -j = 107 - x. Is j a prime number?
False
Is -2 + (-3165)/10*-10 a composite number?
False
Let a = 3690 + -363. Is a composite?
True
Let m(b) = -36*b + 13. Let t be m(-7). Let r = t + -126. Is r a composite number?
False
Let m(c) = c - 3. Let o be m(4). Let t be -2 + (118 - 2) - o. Let g = t - 74. Is g prime?
False
Suppose -70*j + 61*j + 9027 = 0. Is j prime?
False
Let x(u) = -u**2 - 4*u + 179. Suppose -y - 1 + 3 = -5*h, 4*y = -h + 8. Is x(h) composite?
False
Let f(s) = 18*s**2 - 22 + 2*s + 6*s**2 + 3*s**2 + 2*s. Is f(5) composite?
False
Let j be 9/(-2)*(-8)/6. Suppose v - 2849 = -j*v. Is v a composite number?
True
Let y = 1093 - -642. Is y composite?
True
Let m(p) = p**3 + 11*p**2 - 31*p - 103. Is m(16) a prime number?
False
Let a be 0 + 7 + 0 + -4 + 2. Suppose 0 = 3*w + 4*o - 521 - 16016, a*w - 2*o - 27605 = 0. Is w a composite number?
False
Suppose -6*m + 4469 = 977. Suppose 6597 = 3*h + m. Is h a composite number?
True
Let t(o) = -11*o - 9. Let h be t(-6). Suppose -7 - h = -4*d. Let g = d + 19. Is g composite?
True
Suppose -1150*n = -1141*n - 217521. Is n a composite number?
False
Let y be (10 - 11)*(-2)/1. Suppose 4*u - 1168 = y*u. Suppose -u + 99 = -c. Is c composite?
True
Is -6 - ((-40872)/6 + 1) prime?
False
Let t(u) = -626*u + 17. Let d(n) = -3*n**2 - 2*n + 1. Let x be d(1). Is t(x) composite?
False
Let v(s) = s**2 + 15*s**3 - 4*s**2 - s + 1 + 3*s. Suppose 2*u - 24 = 4*g, -2*u + 20 + 9 = -5*g. Is v(u) composite?
False
Let t(v) = 28*v**3 - v**2 - 10*v + 45. Is t(4) a prime number?
False
Suppose -5*y = -3*r + 114, -4*y - r = r + 78. Is 1292/7 - 9/y a prime number?
False
Let z = -14559 - -28516. Is z composite?
True
Suppose h = -3*q + 25, 3*h + 0*q = -4*q + 60. Suppose -6 = 5*d - h. Is ((-13605)/30)/((-1)/d) a composite number?
False
Is (-6)/(-7) - (-6 + (-86145)/21) prime?
False
Let a(i) = -i - 3. Let k be a(-5). Suppose 3*b + k*b - 25 = c, 15 = 3*b - 2*c. Let j(s) = 5*s - 6. Is j(b) composite?
False
Let r(j) = 2*j**2 + 2735. Let k(i) = -i + 18. Let t be k(18). Is r(t) a prime number?
False
Is -6388*(((-18)/4)/9 + 0) a prime number?
False
Let b(n) = 9*n**2 - 4*n - 2. Suppose -24 = 3*d + 3*o - 7*o, -4*d - 1 = 5*o. Let g be 6/d*50/(-15). Is b(g) composite?
True
Let v(u) = -u**3 - 9*u**2 - 4*u + 19. Let m be v(-8). Let d(x) = x**2 - x - 19. Is d(m) a prime number?
True
Suppose -n - 7*v + 2503 = -3*v, -2*v - 4976 = -2*n. Is n prime?
False
Suppose 5*k + 4*r = 167945, -22*r + 33568 = k - 17*r. Is k a prime number?
False
Let m(b) = 65*b**3 + 3*b**2 - 5*b - 29. Is m(6) a prime number?
False
Suppose -4*i = -3*i - 2. Suppose -5*j = -y - 25, -4*j + 31 = 11. Suppose z = y, -1167 = -4*p + p + i*z. Is p a composite number?
False
Is (604/3)/(16/24) a prime number?
False
Let b(r) = r**2 + 7*r - 3. Let n be b(-8). Suppose n*k - 5 = 4*k. Suppose -k*l + 0*l = -515. Is l prime?
True
Let q = 42 - 17. Suppose 0 = -5*l + 5*p + q, 4*p - 3*p = 4*l - 11. Suppose -4*v - y = -354, -l*y - 129 = -2*v + 53. Is v a prime number?
True
Let j = -293 - -505. Let z = -54 + j. Is z a composite number?
True
Let h(d) = -36*d + 337. Is h(-11) composite?
False
Let x(a) = 11*a**2 + 72*a + 9. Is x(20) prime?
True
Suppose 0 = -n + 2*j + 53853, -4*j - 4894 = 4*n - 220330. Is n prime?
True
Let j(u) = u**2 + 11*u - 10. Let i be j(-12). Suppose 0*c + 11 = 3*z + c, -i*z = -2*c - 2. Is z composite?
False
Let h(z) = -4*z - 53. Is h(-30) prime?
True
Suppose 4*p + 4 = -4*z, -z = -3*z - 3*p - 6. Suppose 0 = 5*d - 3*f - 3248, f = -z*d + 1281 + 665. Is d a prime number?
False
Suppose -127 = -0*y - y. Is y composite?
False
Let v(u) = 2*u + 13. Suppose 4*t + 4 + 20 = 0. Let q be v(t). Suppose q = i - 14. Is i a prime number?
False
Is (-1)/12 - (-11648339)/564 composite?
True
Let t be (1 - (-1)/(-1))/3. Let f be ((-4)/8*t)/(-3). Suppose -3*i - 5*k = -7*i + 789, -5*i + k + 960 = f. Is i a prime number?
True
Let o(l) = 53*l - 3. Let m be o(3). Suppose -m - 414 = -6*r. Suppose 2*n = 7*n - r. Is n prime?
True
Let r = -806 - -37. Let v = 1986 + r. Is v composite?
False
Let q(t) = -69*t**3 + 15*t - 7. Is q(-5) a prime number?
True
Let z be (2 + 3 + (-21)/6)*2. Is 18/27 - (-139)/z a composite number?
False
Is ((-92709)/(